te the highest common divisor of m and 910.
91
Suppose 0 = 31*s - 76980 - 169718. Calculate the greatest common divisor of 92 and s.
46
Let u be (-6 - 77/(-22)) + (1074/4 - 2). What is the highest common factor of u and 648?
24
Let k be 1/6 - ((-36)/(-306) - 1831/102). Calculate the greatest common factor of k and 3642.
6
Let i(u) = -3*u**3 - 34*u**2 - 12*u - 7. Let b be i(-11). What is the greatest common factor of b and 53?
1
Let k be 147/9*(-12)/4. Let q = 52 + k. Suppose 4*p + 3*j - 24 = 0, 5*p = -0*j - q*j + 27. Calculate the highest common divisor of p and 33.
3
Let r(q) = -33*q + 3867. Let z be r(85). What is the highest common factor of 270 and z?
18
Let i = -33 + 34. Suppose 3*n + 22 = i. Let j(c) = -8*c - 10. Let t be j(n). Calculate the highest common divisor of 23 and t.
23
Suppose -118 = -5*p - z - z, -5*p = z - 114. Let u = -20 - -20. Suppose q + q - 22 = u. Calculate the greatest common divisor of q and p.
11
Let s(h) = h**2 - 9*h - 13. Suppose -l = 2*x - 17, -x + 6*x - 2*l - 65 = 0. Let p be s(x). Let u = -37 - -82. What is the highest common divisor of u and p?
9
Let q be 8 + 10/25*5 - -81. Calculate the greatest common factor of 6461 and q.
91
Let x = 254 + -237. Suppose 10*h - x*h + 273 = 0. Calculate the highest common divisor of 312 and h.
39
Let g be (-6)/(-10)*65/78*(26218 + -2). What is the greatest common factor of g and 113?
113
Let r be (-3)/((-18)/(-21))*20/(-5). Let j be (-8)/32 - 2562/(-8) - -2. What is the greatest common divisor of r and j?
14
Suppose r + r = 3*c - 246, -c = -5*r - 69. Suppose -t = 5*t - c. Suppose 0 = 33*x - 864 - 291. Calculate the highest common factor of t and x.
7
Suppose 2*p - 2*z + 7 = z, 0 = 5*p - z - 15. Let s = -5 + 5. Suppose -x + 3*d + 2 = -s, 22 = 3*x - 5*d. Calculate the greatest common divisor of x and p.
2
Suppose -h - 40 = -3*h. Suppose 2*p = 2*x + 752, 4*p - 1528 = 223*x - 225*x. Calculate the greatest common factor of h and p.
20
Suppose -4*h = -15 - 25. Suppose 17*z = 18*z + 4*q + 612, 0 = 5*z - 4*q + 2964. Let u = 646 + z. Calculate the greatest common divisor of h and u.
10
Let y(t) = 5*t + 118. Let w be y(-23). Let i(c) = 11*c + 8. Let d be i(-4). Let a be 3*w/d - 81/(-4). What is the highest common factor of a and 160?
20
Let t be ((-5)/(-1))/((-37)/(-481)). What is the highest common divisor of 380 and t?
5
Let s(n) = n**2 + 17*n + 9. Let x = -42 - -26. Let p be s(x). Let g be p/((-14)/6) - -240. Calculate the greatest common factor of 27 and g.
27
Suppose 7*x = a + 10*x - 3220, 0 = -2*a + 5*x + 6484. Calculate the greatest common divisor of 101 and a.
101
Let h be (374/51)/((-8)/(-24)). Calculate the greatest common divisor of 4 and h.
2
Let w = -3297 - -3316. Calculate the highest common factor of 1387 and w.
19
Let v(d) = d + 4. Let l be v(12). Let q be 2/(-3) + 2*l/3. Let p(z) = z**3 - 10*z**2 - z + 19. Let s be p(q). What is the greatest common divisor of s and 36?
9
Let m(a) = -a**3 + a**2 - 2*a + 3. Let x be m(0). Suppose -j = 3*b + 52, -b + 6*b = x*j + 156. Let f = j + 69. What is the greatest common divisor of f and 17?
17
Let y be ((-79)/3)/((-4)/(-12)). Suppose -7*q - 132 = -790. Let c = y + q. Calculate the highest common divisor of 15 and c.
15
Suppose 15 + 1 = 4*a. Suppose -a*h - 2*h = -1524. Let y = -133 + h. Calculate the highest common divisor of y and 11.
11
Suppose 0 = 3*y + y + 4*z + 2312, -3*z + 1704 = -3*y. Let n = 167 - y. Suppose n = 7*q + 3*q. Calculate the highest common factor of 37 and q.
37
Suppose 3*r - 30627 = g, -852*g - 40852 = -4*r - 848*g. Calculate the greatest common divisor of 173 and r.
173
Let q(z) = 108*z - 14. Let s be q(3). Let g(j) = 14*j + 752. Let t be g(-53). Calculate the greatest common factor of s and t.
10
Suppose -4*b = -3*b - 48. Let r = -135374 + 135638. Calculate the greatest common factor of r and b.
24
Suppose -28*v = 5*y - 23*v - 63500, -2*y - 4*v = -25390. What is the greatest common factor of 105 and y?
105
Suppose -4*a - 2*t + 400 = -0*t, -4*a + 5*t + 400 = 0. Suppose a = -4*l + 556. Let g = l - 78. Calculate the highest common factor of 4 and g.
4
Let z(a) = -a**2 - 380*a + 405. Let y be z(0). Calculate the highest common divisor of y and 1080.
135
Let m be ((690/3)/2)/(10/20). Suppose -m = -14*c - 9*c. What is the greatest common divisor of 240 and c?
10
Let o be ((-30)/(-20))/(119/122 + -1)*1. Let j = -22 + 3. Let d = j - o. What is the highest common factor of d and 420?
42
Let g(y) = -y**2 + 11*y - 1. Let s be g(7). Let o = 33 - s. Suppose 7*v = o*v + 184. Calculate the highest common factor of v and 23.
23
Let z = 873 - 870. Suppose 0 = z*c + 2*f - 182, -c = f - 39 - 20. Calculate the greatest common divisor of c and 352.
32
Let t = -7979 - -24059. What is the greatest common divisor of 360 and t?
120
Let p(x) = 3*x**3 - 3*x**2 + 2*x - 1. Let b be p(2). Let t = 3511 - 3256. Calculate the greatest common factor of b and t.
15
Let m be (-10 + 5)/((-16)/208). What is the highest common factor of 4160 and m?
65
Let o be (-3 + 81/45)/(9/(-795)). Calculate the greatest common factor of 15211 and o.
53
Suppose 143*g = 127*g + 3328. What is the greatest common factor of g and 234?
26
Let j be (-151)/((2/(-20))/(3/3)). What is the highest common factor of 30 and j?
10
Suppose a = -2*z + 758, -5*z - 3*a = -4*z - 374. What is the greatest common factor of 665 and z?
95
Let w = -4186 + 4191. Suppose -b + 220 = -5*b. Let g = 80 + b. Calculate the highest common factor of w and g.
5
Suppose 3128*w + 880 = 3131*w - 5*z, -4 = -z. What is the highest common factor of w and 288?
12
Let t(x) = -2*x**3 - 2*x**2 - 2*x - 2. Let u be t(-3). Suppose 143*y = -166*y + 9270. What is the greatest common divisor of y and u?
10
Suppose 0 = -4*c - 4*z + 60416, -c + 60*z - 63*z = -15106. What is the highest common divisor of c and 11?
11
Let f be 1974/168 + 20/16. Suppose -k + 17 = -22. What is the highest common divisor of k and f?
13
Let o be ((-48)/40)/(((-54)/(-20))/(-9)). Calculate the highest common divisor of 118 and o.
2
Let s(d) = -5*d**2 - 19*d - 29. Let q be s(14). Let m be (-6)/14 - (-4 + q/35). What is the highest common divisor of 200 and m?
40
Let u = 191 - 229. Let z be (-3401)/u + (-3)/(-6). Calculate the highest common divisor of z and 162.
18
Let c be -1 + (2/5 - 2169/(-15)). Calculate the greatest common divisor of 26352 and c.
144
Suppose -8*b + 35*b - 26*b - 18 = 0. What is the highest common divisor of b and 15435?
9
Let g = -173 - -394. What is the greatest common divisor of g and 187?
17
Let d = -9 - -59. Let w = -10 - -15. Suppose -2*c - 98 = w*b - 302, -c = -4*b + 158. What is the highest common divisor of d and b?
10
Let t(g) = -g**3 + 12*g**2 + 7*g - 14. Let f be t(6). Let m = -28 + f. What is the greatest common divisor of 54 and m?
54
Suppose 4*z + 1265 = 3*q, 1582 = -5*z - 2*q + 5*q. Let g = -251 - z. What is the highest common divisor of 88 and g?
22
Let i = 788 + -364. Suppose 2*z = -13*y + 9*y + i, -3*y - 417 = -2*z. What is the greatest common factor of z and 20?
10
Let w(y) = y**3 + 12*y**2 + 17*y - 50. Let s be w(-9). What is the greatest common factor of 1960 and s?
40
Suppose -3*a - 3 = -27. Let d(b) = -2*b - 18. Let l be d(11). Let r be (-24)/(-6) + 1/(-2)*l. Calculate the greatest common factor of r and a.
8
Let o(m) = 10483*m - 5244*m + 84 - 5253*m. Let q be o(4). What is the greatest common divisor of 364 and q?
28
Let g = 435 - 427. Let p be (8 - 9) + g - -37. What is the greatest common divisor of p and 77?
11
Suppose 0 = 5*n + 3*b - 11, -2*n = -3*b + 2*b. Let k be n/((-3)/570)*56/(-140). What is the greatest common factor of k and 76?
76
Let d = 536 - 532. Suppose -t - 121 = -5*v, -3*t + d = -2*v + 42. What is the highest common factor of 20 and v?
5
Let g be (0 + 2)/(-1 + (-11)/(-22)). Let m(c) = 34*c**2 + 8*c - 1. Let n be m(g). Calculate the greatest common factor of n and 14.
7
Let t(x) = -102*x - 48. Let o be t(-4). Calculate the greatest common divisor of o and 432.
72
Let q be 42/15 + (-5)/(-25). Suppose -460 - 107 = -q*z. What is the greatest common divisor of 42 and z?
21
Let g = 31 - 13. Let s(u) = 11778*u - 70605. Let i be s(6). What is the greatest common factor of i and g?
9
Suppose -1258 + 603 = -197*s + 724. What is the greatest common divisor of s and 7?
7
Let h be (-28